be b(-4). Let n = -39 - a. Let v = -4003 + 4015. Calculate the greatest common factor of v and n.
12
Let j be (6 - (-122)/3)*3. Calculate the highest common divisor of j and 20.
20
Let h(o) = -o**3 - 16*o**2 - 23*o - 33. Let i be h(-15). Calculate the greatest common divisor of i and 3.
3
Let o be ((-39)/5)/((-6)/(-30)). Let s = o + 48. What is the greatest common divisor of s and 81?
9
Suppose -186 = 4*y - 234. Calculate the highest common factor of 270 and y.
6
Let d(a) = 8*a**2. Let c be d(1). Suppose v + 2 - c = 0. What is the greatest common factor of 2 and v?
2
Let q = 126 + -82. Calculate the greatest common divisor of q and 176.
44
Let u be (-12)/(-8)*34980/18. Calculate the highest common divisor of 53 and u.
53
Suppose -2*v + y + 32 = 0, -y - 14 = v - 2*v. Let h be -5*36/(-210)*63/2. What is the greatest common factor of v and h?
9
Let z = -739 - -1164. What is the greatest common factor of 340 and z?
85
Suppose -24 + 32 = r. Suppose 4*y = 6*y - r. Let j be (y/1)/4 + 155. Calculate the greatest common factor of 39 and j.
39
Let o be 48 - (0/(-4) - -2). Let h = o + -27. What is the highest common factor of 171 and h?
19
Suppose -395 = -5*z + 4*d + d, 3*z - d = 241. Calculate the highest common divisor of z and 27.
27
Let n be (2 + -188)/((-6)/9). Suppose -4*u - u - 4*f = -159, -3*u + 94 = f. What is the highest common factor of u and n?
31
Suppose 0*n = n - 119. Suppose 364 = 144*t - 92*t. What is the greatest common divisor of t and n?
7
Let z(s) = -s**3 + 8*s**2 + 21*s - 15. Let y be z(8). Let n = 54 - 37. What is the greatest common factor of n and y?
17
Let v = -26 - -40. Let k = -14 - -14. Suppose 4*u - 65 - 551 = k. What is the highest common factor of v and u?
14
Suppose 13 + 7 = 4*b. Suppose 2*r = -6 - 4, -3*r + 155 = b*s. Let j = s - 23. What is the highest common divisor of 11 and j?
11
Let t = -32 - -22. Suppose 0 = -j + 5*j - 64. Let a = t + j. What is the highest common factor of a and 4?
2
Suppose m - 37 = -3*o - 2, -5*o = -20. Suppose 12*x = 6427 + 1001. Let q = x + -435. Calculate the greatest common factor of q and m.
23
Let j be (-31 - 1)/(-2) - -2. Let t = -28 - 16. Let n be (-33)/t*(264 - 0). What is the greatest common factor of j and n?
18
Let d = -7 - -13. Let j(p) = 5*p**2 - 2*p + 1. Let n be j(1). Suppose 0 = -n*m + 106 + 134. Calculate the highest common factor of d and m.
6
Let p = -6 - -1. Let y be 208*((-15)/4)/p. Let w be (-78)/5*15/(-6). Calculate the highest common factor of y and w.
39
Let s(q) = 3*q**2 + 139*q + 1099. Let g be s(-10). Let l(z) = 28*z**2 + 3*z - 1. Let v be l(2). Calculate the greatest common divisor of v and g.
9
Suppose 25 - 121 = -4*d. Let l be (1 - -6) + (46 - (-5 - 2)). Calculate the highest common divisor of l and d.
12
Let x(p) = -p**2 + 66*p - 868. Let b be x(46). Suppose -57 = -5*l + 3. Suppose 3*q = l + 27. Calculate the highest common divisor of q and b.
13
Let x(z) = -10*z + 348. Let c be x(33). Let n = 247 + -121. What is the highest common divisor of n and c?
18
Let d(x) = 374*x**2 + 80*x + 160. Let b be d(-2). Calculate the greatest common factor of b and 11.
11
Suppose 4*q - 5 = -13. Let g be 48/(-32) + (-143)/q. What is the greatest common divisor of 28 and g?
14
Let y = 604 + -100. What is the highest common divisor of 108 and y?
36
Let j be -1 - 4 - (-18)/6. Let r(x) = -36*x**3 - x**2 + 1. Let h be r(j). Let t = -150 + h. Calculate the highest common divisor of 15 and t.
15
Let k(c) = -13*c - 20. Let v be k(-5). Calculate the greatest common divisor of v and 25.
5
Suppose 12 = -2*r + 6. Let a be (-8)/(-12) - (r + (-48)/9). Calculate the greatest common divisor of a and 81.
9
Let k(o) be the first derivative of 3*o**2/2 + 3*o + 20. Let g be k(4). Calculate the highest common factor of 60 and g.
15
Let r = -12 - -18. Suppose s - 102 + 35 = 0. Let m = s + -25. Calculate the greatest common divisor of r and m.
6
Suppose -5*o = g - 611, 1778 = -5*g - 5*o + 4853. Suppose 0 = -7*d + g + 462. Let u = 10 - -4. What is the greatest common divisor of d and u?
14
Suppose 175*z - 185*z = -1820. Calculate the highest common divisor of 572 and z.
26
Suppose -38 = -m - 5*c + 20, 2*m - 4*c - 144 = 0. Let g = -1431 + 1533. Calculate the greatest common divisor of g and m.
34
Suppose 43*b - 34*b - 279 = 0. What is the highest common divisor of b and 961?
31
Suppose 15*w - 76 = 11*w. Calculate the greatest common divisor of w and 323.
19
Let o be (102/(-4))/((-387)/258). Calculate the highest common divisor of o and 1088.
17
Suppose 492 = 3*w - 3*k, -3*k + 164 = w - 2*k. Calculate the greatest common divisor of w and 4.
4
Suppose -208 = -v - 3*v. Let t = 586 - 573. What is the highest common factor of t and v?
13
Suppose 3*x + 168 = 156. Let a be x + ((-8)/(-4) - 216/(-3)). Calculate the greatest common divisor of 28 and a.
14
Let v(k) = -k + 16. Let y be v(5). What is the greatest common factor of y and 11?
11
Let s = -79 - -103. Calculate the highest common divisor of 744 and s.
24
Let l(j) be the first derivative of 29*j**2/2 + 6*j - 2. Let z be l(2). What is the greatest common factor of 16 and z?
16
Suppose 1453 + 3299 = 12*m. Suppose 17*n - 11*n - m = 0. Suppose -4*u + 9 + 15 = 0. Calculate the highest common divisor of n and u.
6
Let t(k) = 36*k**2 - 2*k + 10. Let n be t(3). Suppose 2*l + 8*c = 3*c + 102, 3*l + 3*c = 135. Calculate the highest common factor of l and n.
41
Let i(z) = z + 7. Let d be i(5). Suppose p = -4*j - 0*p + 81, -3*p - 17 = -j. What is the highest common divisor of j and d?
4
Suppose -5*v + 3*v = -682. Suppose -5*f = -v + 101. Calculate the greatest common factor of 16 and f.
16
Let b(d) = 34*d**2 + 10*d + 3. Let i be b(-1). Calculate the greatest common factor of i and 144.
9
Let b(k) = 3*k**3 - 5*k + 4. Let m be b(3). Calculate the greatest common factor of 42 and m.
14
Let g = 64 - 44. Suppose -g*c = -14*c - 1200. Calculate the highest common divisor of c and 80.
40
Let z be (16/24)/((-4)/(-30)). What is the greatest common factor of 25 and z?
5
Suppose 62*p - 2354 = 3102. Suppose a - 3*s = 178 + 45, a + s - 219 = 0. What is the highest common factor of p and a?
44
Let k = 34 - 51. Suppose 0 = -8*c + c + 189. Let n = c + k. Calculate the greatest common factor of n and 25.
5
Let s(d) = 3*d**3 - 2*d - 1. Let v be s(-1). Let w be (0 + v)*33/(-6). What is the greatest common factor of 121 and w?
11
Suppose -5*c + 7*c = -2, -2*j = -c - 133. What is the greatest common factor of j and 22?
22
Suppose -22 - 23 = -2*l + 3*f, -21 = -l + f. What is the greatest common factor of 24 and l?
6
Suppose 6*q = 9*q. Suppose -i - 3*i + 4*p + 212 = 0, q = -5*i - 2*p + 286. What is the greatest common factor of i and 42?
14
Let h(x) = 9*x**2 + 6*x - 3. Let f be h(5). Suppose 0 = 2*k + k - 5*n - 88, 4*n = 16. Calculate the greatest common factor of f and k.
36
Let y be (6 - 6)/(-2 - 0). Suppose d - 2*d = -5*m - 45, y = -4*d + 3*m + 180. Suppose -4*o + 60 = -2*o. Calculate the highest common factor of d and o.
15
Suppose -4*y + 4062 = 5*w - 6429, 0 = 4*w - y - 8376. Calculate the highest common divisor of 5 and w.
5
Suppose -5*b = -284 - 371. Suppose 0 = -4*t + 5*o + b, -4*t - 3*o + 74 = -33. What is the greatest common divisor of 58 and t?
29
Let i(p) = -p**3 + 9*p**2 - 12*p + 10. Let s be i(7). Suppose -11 = 3*z - 5*o - 32, 5*z - 2*o = 54. Calculate the highest common factor of z and s.
12
Let l(q) = 0*q - q**2 + 3 - q - 24 - 16. Let n be l(0). Let g = 58 + n. Calculate the greatest common divisor of 7 and g.
7
Let x be (0 - (-1 - 26)) + -1. Let a = -32 - -22. Let w(y) = -y**3 - 10*y**2 - 3*y + 9. Let m be w(a). What is the greatest common factor of m and x?
13
Suppose -37 = -x + 2. Suppose 3 = 3*i - 12. Suppose 0 = -2*s - i*t + x, 3*s + t - 31 = 8. What is the highest common divisor of s and 132?
12
Let c = -20 - -38. Let o = c - 11. Suppose -o*r + 3*r - 12 = -4*u, 5*r - 3*u + 5 = 0. Calculate the highest common divisor of 2 and r.
2
Let z(l) = l**3 + 7*l**2 - 3*l - 12. Let g be z(-6). What is the greatest common divisor of g and 28?
14
Let h = -222 + 231. Calculate the highest common divisor of 18 and h.
9
Suppose 3*j + 2*j = 15. Let i(h) = -4*h - 3 + j - 8 + h**2. Let r be i(12). Calculate the highest common factor of r and 8.
8
Let s be (-24)/(-66) - (-1245)/55. What 